{"id":3676,"date":"2021-01-07T09:43:53","date_gmt":"2021-01-07T08:43:53","guid":{"rendered":"https:\/\/www.brandenburg-havelland.de\/tap_goebel_bf\/?page_id=3676"},"modified":"2025-05-19T19:43:41","modified_gmt":"2025-05-19T17:43:41","slug":"impressum","status":"publish","type":"page","link":"https:\/\/www.brandenburg-havelland.de\/tap_goebel_bf\/impressum\/","title":{"rendered":"Impressum"},"content":{"rendered":"<div id=\"cs-content\" class=\"cs-content\"><div class=\"x-section e3676-e1 m2u4-0 m2u4-1\"><div class=\"x-row x-container max width e3676-e2 m2u4-3 m2u4-4 m2u4-6\"><div class=\"x-row-inner\"><div class=\"x-col e3676-e3 m2u4-8 m2u4-9\"><div class=\"x-text x-text-headline e3676-e4 m2u4-c m2u4-d m2u4-e\"><div class=\"x-text-content\"><div class=\"x-text-content-text\"><h1 class=\"x-text-content-text-primary\">Impressum<\/h1><\/div><\/div><\/div><hr class=\"x-line e3676-e5 m2u4-i m2u4-j\"><\/hr><hr class=\"x-line e3676-e6 m2u4-j m2u4-k\"><\/hr><a class=\"x-anchor x-anchor-button has-graphic e3676-e7 m2u4-l m2u4-m\" tabindex=\"0\" href=\"https:\/\/www.tieraerztekammer-berlin.de\/kammerrecht\/11-berufsordnung.html\" target=\"_blank\"><div class=\"x-anchor-content\"><span class=\"x-graphic\" aria-hidden=\"true\"><i class=\"x-icon x-graphic-child x-graphic-icon x-graphic-primary\" aria-hidden=\"true\" data-x-icon-l=\"&#xf324;\"><\/i><\/span><div class=\"x-anchor-text\"><span class=\"x-anchor-text-primary\">Berufsordnung<\/span><\/div><\/div><\/a><\/div><div class=\"x-col e3676-e8 m2u4-8 m2u4-a\"><div class=\"x-text x-text-headline e3676-e9 m2u4-d m2u4-e m2u4-f m2u4-g\"><div class=\"x-text-content\"><div class=\"x-text-content-text\"><h2 class=\"x-text-content-text-primary\">Haftungsausschluss (Disclaimer)<\/h2><\/div><\/div><\/div><div class=\"x-text x-content e3676-e10 m2u4-o m2u4-p\"><p><strong>Haftung f\u00fcr Inhalte<\/strong><br \/>Als Diensteanbieter sind wir gem\u00e4\u00df \u00a7 7 Abs.1 TMG f\u00fcr eigene Inhalte auf diesen Seiten nach den allgemeinen Gesetzen verantwortlich. Nach \u00a7\u00a7 8 bis 10 TMG sind wir als Diensteanbieter jedoch nicht verpflichtet, \u00fcbermittelte oder gespeicherte fremde Informationen zu \u00fcberwachen oder nach Umst\u00e4nden zu forschen, die auf eine rechtswidrige T\u00e4tigkeit hinweisen. Verpflichtungen zur Entfernung oder Sperrung der Nutzung von Informationen nach den allgemeinen Gesetzen bleiben hiervon unber\u00fchrt. Eine diesbez\u00fcgliche Haftung ist jedoch erst ab dem Zeitpunkt der Kenntnis einer konkreten Rechtsverletzung m\u00f6glich. Bei Bekanntwerden von entsprechenden Rechtsverletzungen werden wir diese Inhalte umgehend entfernen.<\/p>\n\n<p><strong>Haftung f\u00fcr Links<\/strong><br \/>Unser Angebot enth\u00e4lt Links zu externen Webseiten Dritter, auf deren Inhalte wir keinen Einfluss haben. Deshalb k\u00f6nnen wir f\u00fcr diese fremden Inhalte auch keine Gew\u00e4hr \u00fcbernehmen. F\u00fcr die Inhalte der verlinkten Seiten ist stets der jeweilige Anbieter oder Betreiber der Seiten verantwortlich. Die verlinkten Seiten wurden zum Zeitpunkt der Verlinkung auf m\u00f6gliche Rechtsverst\u00f6\u00dfe \u00fcberpr\u00fcft. Rechtswidrige Inhalte waren zum Zeitpunkt der Verlinkung nicht erkennbar. Eine permanente inhaltliche Kontrolle der verlinkten Seiten ist jedoch ohne konkrete Anhaltspunkte einer Rechtsverletzung nicht zumutbar. Bei Bekanntwerden von Rechtsverletzungen werden wir derartige Links umgehend entfernen.<\/p>\n\n<p><strong>Urheberrecht<\/strong><br \/>Die durch die Seitenbetreiber erstellten Inhalte und Werke auf diesen Seiten unterliegen dem deutschen Urheberrecht. Die Vervielf\u00e4ltigung, Bearbeitung, Verbreitung und jede Art der Verwertung au\u00dferhalb der Grenzen des Urheberrechtes bed\u00fcrfen der schriftlichen Zustimmung des jeweiligen Autors bzw. Erstellers. Downloads und Kopien dieser Seite sind nur f\u00fcr den privaten, nicht kommerziellen Gebrauch gestattet. Soweit die Inhalte auf dieser Seite nicht vom Betreiber erstellt wurden, werden die Urheberrechte Dritter beachtet. Insbesondere werden Inhalte Dritter als solche gekennzeichnet. Sollten Sie trotzdem auf eine Urheberrechtsverletzung aufmerksam werden, bitten wir um einen entsprechenden Hinweis. Bei Bekanntwerden von Rechtsverletzungen werden wir derartige Inhalte umgehend entfernen.<\/p>\n\n<p><strong>Webdesign \/ Fotografie<\/strong><br \/>\nMarcus Brodt (<a href=\"https:\/\/www.brodtcast.com\" target=\"_blank\">www.brodtcast.com<\/a>)<\/p>\n\n<p><strong>Text \/ Konzeption<\/strong><br \/>\nSandra G\u00f6bel (<a href=\"https:\/\/www.medbranding-goebel.de\" target=\"_blank\">www.medbranding-goebel.de<\/a>)<\/p><\/div><div class=\"x-text x-content e3676-e11 m2u4-p m2u4-q\"><p><strong>Angaben gem\u00e4\u00df \u00a7 5 TMG:<\/strong><br \/>\nKleintierpraxis<br \/>\nThomas PD Dr. med vet. G\u00f6bel<br \/>\nBlissestr. 68<br \/>\n10713 Berlin<\/p>\n<p><strong>Kontakt:<\/strong><br \/>\nTelefon: 030 \/ 89 73 68 68<br \/>\nTelefax: 030 \/ 89 73 68 67<br \/>\nE-Mail: mail@tierarzt-goebel.de<\/p>\n<p><strong>Umsatzsteuer-ID:<\/strong><br \/>\nUmsatzsteuer-Identifikationsnummer gem\u00e4\u00df \u00a727 a Umsatzsteuergesetz: DE226469363<\/p>\n<p><strong>Aufsichtsbeh\u00f6rde:<\/strong><br \/>\nTier\u00e4rztekammer Berlin<br \/>\nBerufsbezeichnung: Tier\u00e4rzte<br \/>\nZust\u00e4ndige Kammer: Tier\u00e4rztekammer Berlin<br \/>\nVerliehen durch: Berlin<br \/>\nEs gelten folgende berufsrechtliche Regelungen:<br \/>\nRegelungen einsehbar unter: <a href=\"https:\/\/www.tieraerztekammer-berlin.de\/\" target=\"_blank\" rel=\"noopener\" style=\"color:#006161!important\">https:\/\/www.tieraerztekammer-berlin.de\/<\/a><\/p>\n<p><strong>Angaben zur Berufshaftpflichtversicherung:<\/strong><br \/>\nName und Sitz der Gesellschaft:<br \/>\nContinentale Sachversicherung, Ruhrallee 92, 44139 Dortmund<br \/>\nGeltungsraum der Versicherung: Deutschland<\/p><\/div><\/div><\/div><\/div><\/div><div class=\"x-section e3676-e12 m2u4-0 m2u4-2\"><div class=\"x-bg\" aria-hidden=\"true\"><div class=\"x-bg-layer-lower-image\" data-x-element-bg-layer=\"{&quot;parallaxSize&quot;:&quot;200%&quot;,&quot;parallaxDir&quot;:&quot;v&quot;,&quot;parallaxRev&quot;:false}\" style=\" background-image: url(https:\/\/www.brandenburg-havelland.de\/tap_goebel_bf\/wp-content\/uploads\/2021\/01\/map.jpg); background-repeat: no-repeat; background-position: center; background-size: cover;\"><\/div><div class=\"x-bg-layer-upper-color\" style=\" background-color: rgba(0, 189, 189, 0.8);\"><\/div><\/div><div class=\"x-row x-container max width e3676-e13 m2u4-3 m2u4-5 m2u4-7\"><div class=\"x-row-inner\"><div class=\"x-col e3676-e14 m2u4-8 m2u4-a m2u4-b\"><div class=\"x-text x-text-headline e3676-e15 m2u4-d m2u4-g m2u4-h\"><div class=\"x-text-content\"><div class=\"x-text-content-text\"><h2 class=\"x-text-content-text-primary\">Tierarztpraxis Dr. Thomas G\u00f6bel freut sich auf Sie.<\/h2><\/div><\/div><\/div><a class=\"x-anchor x-anchor-button has-graphic e3676-e16 m2u4-l m2u4-n\" tabindex=\"0\" href=\"http:\/\/www.bing.com\/maps\/?v=2&amp;cp=52.518299~13.319100&amp;lvl=5&amp;sty=r&amp;rtp=adr.~pos.52.478253_13.308749_Mecklenburgische%20Stra%C3%9Fe%2027%2C%2014197%20Berlin___e_&amp;mode=D&amp;rtop=0~0~0~&amp;form=LMLTCC\" target=\"_blank\"><div class=\"x-anchor-content\"><span class=\"x-graphic\" aria-hidden=\"true\"><i class=\"x-icon x-graphic-child x-graphic-icon x-graphic-primary\" aria-hidden=\"true\" data-x-icon-s=\"&#xf3c5;\"><\/i><\/span><div class=\"x-anchor-text\"><span class=\"x-anchor-text-primary\">Routenplaner<\/span><\/div><\/div><\/a><\/div><\/div><\/div><\/div><\/div>\n","protected":false},"excerpt":{"rendered":"<p>ImpressumBerufsordnungHaftungsausschluss (Disclaimer)Haftung f\u00fcr InhalteAls Diensteanbieter sind wir gem\u00e4\u00df \u00a7 7 Abs.1 TMG f\u00fcr eigene Inhalte auf diesen Seiten nach den allgemeinen Gesetzen verantwortlich. Nach \u00a7\u00a7 8 bis 10 TMG sind wir als Diensteanbieter jedoch nicht verpflichtet, \u00fcbermittelte oder gespeicherte fremde Informationen zu \u00fcberwachen oder nach Umst\u00e4nden zu forschen, die auf eine rechtswidrige T\u00e4tigkeit hinweisen. Verpflichtungen zur Entfernung oder Sperrung der &#8230; <\/p>\n<div><a href=\"https:\/\/www.brandenburg-havelland.de\/tap_goebel_bf\/impressum\/\" class=\"more-link\">Read More<\/a><\/div>\n","protected":false},"author":1,"featured_media":0,"parent":0,"menu_order":16,"comment_status":"closed","ping_status":"closed","template":"template-blank-4.php","meta":{"footnotes":""},"class_list":["post-3676","page","type-page","status-publish","hentry","no-post-thumbnail"],"aioseo_notices":[],"_links":{"self":[{"href":"https:\/\/www.brandenburg-havelland.de\/tap_goebel_bf\/wp-json\/wp\/v2\/pages\/3676","targetHints":{"allow":["GET"]}}],"collection":[{"href":"https:\/\/www.brandenburg-havelland.de\/tap_goebel_bf\/wp-json\/wp\/v2\/pages"}],"about":[{"href":"https:\/\/www.brandenburg-havelland.de\/tap_goebel_bf\/wp-json\/wp\/v2\/types\/page"}],"author":[{"embeddable":true,"href":"https:\/\/www.brandenburg-havelland.de\/tap_goebel_bf\/wp-json\/wp\/v2\/users\/1"}],"replies":[{"embeddable":true,"href":"https:\/\/www.brandenburg-havelland.de\/tap_goebel_bf\/wp-json\/wp\/v2\/comments?post=3676"}],"version-history":[{"count":4,"href":"https:\/\/www.brandenburg-havelland.de\/tap_goebel_bf\/wp-json\/wp\/v2\/pages\/3676\/revisions"}],"predecessor-version":[{"id":4122,"href":"https:\/\/www.brandenburg-havelland.de\/tap_goebel_bf\/wp-json\/wp\/v2\/pages\/3676\/revisions\/4122"}],"wp:attachment":[{"href":"https:\/\/www.brandenburg-havelland.de\/tap_goebel_bf\/wp-json\/wp\/v2\/media?parent=3676"}],"curies":[{"name":"wp","href":"https:\/\/api.w.org\/{rel}","templated":true}]}}