{"id":3634,"date":"2020-12-16T07:54:00","date_gmt":"2020-12-16T06:54:00","guid":{"rendered":"https:\/\/www.brandenburg-havelland.de\/tap_goebel_bf\/?page_id=3634"},"modified":"2025-05-19T18:15:46","modified_gmt":"2025-05-19T16:15:46","slug":"operationen","status":"publish","type":"page","link":"https:\/\/www.brandenburg-havelland.de\/tap_goebel_bf\/operationen\/","title":{"rendered":"Operationen"},"content":{"rendered":"<div id=\"cs-content\" class=\"cs-content\"><div class=\"x-section e3634-e1 m2sy-0 m2sy-1 m2sy-2\"><div class=\"x-bg\" aria-hidden=\"true\"><div class=\"x-bg-layer-lower-image\"><\/div><\/div><div class=\"x-row e3634-e2 m2sy-7 m2sy-8 m2sy-9 m2sy-a m2sy-b m2sy-c m2sy-m m2sy-n\"><div class=\"x-row-inner\"><div class=\"x-col e3634-e3 m2sy-y m2sy-z m2sy-10 m2sy-11\">\n\t\t\t<!-- START OperationenSlider REVOLUTION SLIDER 6.7.23 --><p class=\"rs-p-wp-fix\"><\/p>\n\t\t\t<rs-module-wrap id=\"rev_slider_3_1_wrapper\" data-source=\"gallery\" style=\"visibility:hidden;background:transparent;padding:0;margin:0px auto;margin-top:0;margin-bottom:0;\">\n\t\t\t\t<rs-module id=\"rev_slider_3_1\" style=\"\" data-version=\"6.7.23\">\n\t\t\t\t\t<rs-slides style=\"overflow: hidden; position: absolute;\">\n\t\t\t\t\t\t<rs-slide style=\"position: absolute;\" data-key=\"rs-11\" data-title=\"Slide\" data-thumb=\"\/\/www.brandenburg-havelland.de\/tap_goebel_bf\/wp-content\/uploads\/2020\/12\/op_9-50x100.jpg\" data-duration=\"6000ms\" data-anim=\"adpr:false;ms:1000ms;\" data-in=\"o:0;\" data-out=\"a:false;\">\n\t\t\t\t\t\t\t<img decoding=\"async\" src=\"\/\/www.brandenburg-havelland.de\/tap_goebel_bf\/wp-content\/plugins\/revslider\/sr6\/assets\/assets\/dummy.png\" alt=\"Tierarzt Dr. G\u00f6bel in der OP\" title=\"OP beim Tierarzt\" width=\"1920\" height=\"480\" class=\"rev-slidebg tp-rs-img rs-lazyload\" data-lazyload=\"\/\/www.brandenburg-havelland.de\/tap_goebel_bf\/wp-content\/uploads\/2020\/12\/op_9.jpg\" data-panzoom=\"d:7000ms;ss:100;se:105%;\" data-no-retina>\n<!---->\t\t\t\t\t<\/rs-slide>\n\t\t\t\t\t\t<rs-slide style=\"position: absolute;\" data-key=\"rs-12\" data-title=\"Slide\" data-thumb=\"\/\/www.brandenburg-havelland.de\/tap_goebel_bf\/wp-content\/uploads\/2020\/12\/op_5-50x100.jpg\" data-duration=\"6000ms\" data-anim=\"ms:1000;r:0;\" data-in=\"o:0;\" data-out=\"a:false;\">\n\t\t\t\t\t\t\t<img decoding=\"async\" src=\"\/\/www.brandenburg-havelland.de\/tap_goebel_bf\/wp-content\/plugins\/revslider\/sr6\/assets\/assets\/dummy.png\" alt=\"Hund bei OP\" title=\"Tierarzt Station Hund\" width=\"1920\" height=\"640\" class=\"rev-slidebg tp-rs-img rs-lazyload\" data-lazyload=\"\/\/www.brandenburg-havelland.de\/tap_goebel_bf\/wp-content\/uploads\/2020\/12\/op_5.jpg\" data-panzoom=\"d:7000ms;ss:100;se:105%;\" data-no-retina>\n<!---->\t\t\t\t\t<\/rs-slide>\n\t\t\t\t\t\t<rs-slide style=\"position: absolute;\" data-key=\"rs-13\" data-title=\"Slide\" data-thumb=\"\/\/www.brandenburg-havelland.de\/tap_goebel_bf\/wp-content\/uploads\/2021\/08\/op_5-50x100.jpg\" data-duration=\"6000ms\" data-anim=\"adpr:false;\" data-in=\"o:0;\" data-out=\"a:false;\">\n\t\t\t\t\t\t\t<img decoding=\"async\" src=\"\/\/www.brandenburg-havelland.de\/tap_goebel_bf\/wp-content\/plugins\/revslider\/sr6\/assets\/assets\/dummy.png\" alt=\"\" title=\"op_5\" width=\"1920\" height=\"640\" class=\"rev-slidebg tp-rs-img rs-lazyload\" data-lazyload=\"\/\/www.brandenburg-havelland.de\/tap_goebel_bf\/wp-content\/uploads\/2021\/08\/op_5.jpg\" data-panzoom=\"d:7000ms;ss:100;se:105%;\" data-no-retina>\n<!---->\t\t\t\t\t<\/rs-slide>\n\t\t\t\t\t<\/rs-slides>\n\t\t\t\t<\/rs-module>\n\t\t\t\t<script>\n\t\t\t\t\tsetREVStartSize({c: 'rev_slider_3_1',rl:[1240,1024,778,480],el:[640],gw:[1920],gh:[640],type:'standard',justify:'',layout:'fullwidth',mh:\"0\"});if (window.RS_MODULES!==undefined && window.RS_MODULES.modules!==undefined && window.RS_MODULES.modules[\"revslider31\"]!==undefined) {window.RS_MODULES.modules[\"revslider31\"].once = false;window.revapi3 = undefined;if (window.RS_MODULES.checkMinimal!==undefined) window.RS_MODULES.checkMinimal()}\n\t\t\t\t<\/script>\n\t\t\t<\/rs-module-wrap>\n\t\t\t<!-- END REVOLUTION SLIDER -->\n<\/div><\/div><\/div><\/div><div class=\"x-section e3634-e5 m2sy-0 m2sy-3 m2sy-4\"><div class=\"x-row x-container max width e3634-e6 m2sy-7 m2sy-8 m2sy-9 m2sy-a m2sy-d m2sy-e m2sy-o m2sy-p\"><div class=\"x-row-inner\"><div class=\"x-col e3634-e7 m2sy-z m2sy-10\"><div class=\"x-text x-text-headline e3634-e8 m2sy-13 m2sy-14 m2sy-15\"><div class=\"x-text-content\"><div class=\"x-text-content-text\"><h1 class=\"x-text-content-text-primary\">Weichteil&shy;operationen, Endoskopische Eingriffe, Diagnostische Endoskopie<\/h1><\/div><\/div><\/div><div class=\"x-text x-text-headline e3634-e9 m2sy-14 m2sy-15 m2sy-16\"><div class=\"x-text-content\"><div class=\"x-text-content-text\"><h2 class=\"x-text-content-text-primary\">Narkose<\/h2><\/div><\/div><\/div><hr class=\"x-line e3634-e10 m2sy-18 m2sy-19 m2sy-1a\"><\/hr><hr class=\"x-line e3634-e11 m2sy-19 m2sy-1b m2sy-1c\"><\/hr><\/div><\/div><\/div><div class=\"x-row x-container max width e3634-e12 m2sy-7 m2sy-8 m2sy-9 m2sy-e m2sy-f m2sy-g m2sy-h m2sy-q m2sy-r\"><div class=\"x-row-inner\"><div class=\"x-col e3634-e13 m2sy-z m2sy-10\"><div class=\"x-text x-content e3634-e14 m2sy-1f m2sy-1g m2sy-1h\">Wir verwenden moderne Narkoseverfahren, die individuell auf Ihr Tier abgestimmt werden. Hund und Katze werden f\u00fcr fast alle operativen Eingriffe intubiert und ggf. auch automatisch beatmet. Alle Vitalfunktionen (Atmung, Atemgase, Herz-Kreislauf-Parameter) werden st\u00e4ndig elektronisch und durch Assistenten \u00fcberwacht um das Narkoserisiko zu minimieren.<\/div><div class=\"x-text x-content e3634-e15 m2sy-1f m2sy-1g m2sy-1h\">Auch Kaninchen werden f\u00fcr tiefer Narkosen intubiert und die Vitalfunktionen permanent elektronisch \u00fcberwacht, um die Sicherheit f\u00fcr diese Narkose-empfindlichen Tiere zu erh\u00f6hen. Bei Meerschweinchen und sonstige Nagern sowie Reptilien und V\u00f6geln werden i.d.R. Kombinationen von Injektions \u2013 und Inhalationsnarkosen angewandt.<\/div><\/div><\/div><\/div><\/div><div class=\"x-section e3634-e16 m2sy-0 m2sy-3 m2sy-5\"><div class=\"x-row x-container max width e3634-e17 m2sy-9 m2sy-d m2sy-e m2sy-i m2sy-j m2sy-o m2sy-s\"><div class=\"x-row-inner\"><div class=\"x-col e3634-e18 m2sy-z m2sy-10\"><div class=\"x-text x-text-headline e3634-e19 m2sy-14 m2sy-16 m2sy-17\"><div class=\"x-text-content\"><div class=\"x-text-content-text\"><h2 class=\"x-text-content-text-primary\">Operationen<\/h2><\/div><\/div><\/div><hr class=\"x-line e3634-e20 m2sy-18 m2sy-19 m2sy-1d\"><\/hr><hr class=\"x-line e3634-e21 m2sy-19 m2sy-1b m2sy-1e\"><\/hr><\/div><\/div><\/div><div class=\"x-row x-container max width e3634-e22 m2sy-7 m2sy-9 m2sy-e m2sy-h m2sy-j m2sy-k m2sy-q m2sy-t\"><div class=\"x-row-inner\"><div class=\"x-col e3634-e23 m2sy-z m2sy-10\"><div class=\"x-text x-content e3634-e24 m2sy-1f m2sy-1g m2sy-1i\">Wir f&uuml;hren bei uns alle g&auml;ngigen Weichteiloperationen bei Hund und Katze durch. Dazu geh&ouml;ren Kastrationen, Tumor-Operationen inkl. rekonstruktiver Chirurgie, Magen-Darm-Operationen, Operationen am Harntrakt (Blasenstein, Penisamputation etc.), Hernien-Operationenen (z.B. Nabelbruch, Leistenbruch, Dammbruch\/Perinealhernie) usw. .<\/div><div class=\"x-text x-content e3634-e25 m2sy-1f m2sy-1g m2sy-1i\"><p>Als erste Praxis in Berlin haben wir im Jahr 2009 die <a href=\"https:\/\/www.brandenburg-havelland.de\/tap_goebel_bf\/sanfte-kastration\/\" target=\"_blank\" rel=\"noopener\">endoskopische Kastration<\/a> der H&uuml;ndin angeboten und k&ouml;nnen nach &uuml;ber 2000 OPs entsprechende Erfahrung und Routine vorweisen. Auch kryptorchide R&uuml;den, bei denen ein Hoden in der Bauchh&ouml;hle verblieben ist, k&ouml;nnen mit dieser Technik minimalinvasiv operiert werden. Vorteil dieser Operationen ist vor allem die schnelle Erholung und minimale postoperative Schmerzen.<\/p><\/div><\/div><div class=\"x-col e3634-e26 m2sy-z m2sy-10\"><div class=\"x-text x-content e3634-e27 m2sy-1f m2sy-1g m2sy-1i\">Die Endoskopie geh\u00f6rt zu den Schwerpunktbereichen unserer Praxis. Wir untersuchen Atmungs-, Verdauungs- und Harntrakt durch diese minimalinvasive Methode und k\u00f6nnen Fremdk\u00f6rper aus dem Magen entfernen, ohne dass der Patient chirurgisch operiert werden muss. In unserem Schwerpunktbereich kleine Heimtiere f\u00fchren wir alle g\u00e4ngigen Operationen durch, dazu geh\u00f6ren m\u00e4nnliche und weibliche Kastration, Blasensteine, Kieferchirurgie, Knochenbr\u00fcche. Weitere Details dazu unter dem Punkt \u201cTierarten\u201d.<\/div><\/div><\/div><\/div><\/div><div class=\"x-section e3634-e28 m2sy-0 m2sy-2 m2sy-3\"><div class=\"x-row x-container max width e3634-e29 m2sy-7 m2sy-9 m2sy-d m2sy-e m2sy-f m2sy-l m2sy-o m2sy-u\"><div class=\"x-row-inner\"><div class=\"x-col e3634-e30 m2sy-z m2sy-10\"><div class=\"x-text x-text-headline e3634-e31 m2sy-14 m2sy-16 m2sy-17\"><div class=\"x-text-content\"><div class=\"x-text-content-text\"><h2 class=\"x-text-content-text-primary\">Endoskopische Untersuchungen bei Hund und\/oder Katze<\/h2><\/div><\/div><\/div><hr class=\"x-line e3634-e32 m2sy-18 m2sy-19 m2sy-1a\"><\/hr><hr class=\"x-line e3634-e33 m2sy-19 m2sy-1b m2sy-1e\"><\/hr><div class=\"x-text x-content e3634-e34 m2sy-1f m2sy-1g m2sy-1i\"><p>Neben der endoskopischen Chirurgie verf\u00fcgen wir \u00fcber eine komplette Ausstattung an flexiblen und starren Endoskopen zur schonenden und unblutigen Untersuchung des Atemtraktes, Verdauungsapparates, der Harn- und Geschlechtsorgane sowie der Ohren. Mithilfe von Endoskopen kann man wichtige Erkenntnisse \u00fcber Funktion und Zustand von vielen inneren Organen gewinnen, die \u00e4u\u00dferlich nicht zug\u00e4nglich sind.<\/p>\n\n<p>Vorteile sind minimales Trauma, direkter Blick per Video und die M\u00f6glichkeit, gezielt Proben zu nehmen. Auch eingeatmete oder verschluckte Fremdk\u00f6rper k\u00f6nnen entfernt werden, ohne das Tier zu operieren. So k\u00f6nnen wir z.B. bei Nasenausfluss, Husten oder Atemproblemen unbekannter Ursache in einer Kurznarkose mithilfe von Endoskopen die Nasenh\u00f6hlen, Rachen, Kehlkopf, Luftr\u00f6hre und Bronchien untersuchen (Rhinoskopie, Tracheobronchoskopie) und eine sichere Diagnose stellen.<\/p>\n\n<p>Bei ungekl\u00e4rten Magen- und\/oder Darmproblemen k\u00f6nnen wir mit einem flexiblen Endoskop den Magen, D\u00fcnndarm sowie den Dickdarm untersuchen (Gastro-Duodenoskopie, Coloskopie). Auch die Harnr\u00f6hre und Blase (Zystoskopie) lassen sich problemlos bei weiblichen Tieren untersuchen.<\/p>\n\n<p>Bei chronischen Ohrproblemen k\u00f6nnen wir das Ohr bis zum Mittelohr gut untersuchen. Unter Sichtkontrolle sind auch Sp\u00fclbehandlungen oder das Entfernen von Fremdk\u00f6rpern m\u00f6glich. Aber auch bei Heimtieren, V\u00f6geln und Reptilien k\u00f6nnen endoskopische Untersuchungen durchgef\u00fchrt werden.<\/p><\/div><\/div><\/div><\/div><\/div><div class=\"x-section x-hide-lg x-hide-md x-hide-sm x-hide-xl x-hide-xs e3634-e35 m2sy-0 m2sy-3 m2sy-5\"><div class=\"x-row x-container max width e3634-e36 m2sy-7 m2sy-9 m2sy-d m2sy-e m2sy-j m2sy-o m2sy-v\"><div class=\"x-row-inner\"><div class=\"x-col e3634-e37 m2sy-z m2sy-10\"><div class=\"x-text x-text-headline e3634-e38 m2sy-14 m2sy-16 m2sy-17\"><div class=\"x-text-content\"><div class=\"x-text-content-text\"><h2 class=\"x-text-content-text-primary\">TTA Kreuzbandoperation<\/h2><\/div><\/div><\/div><hr class=\"x-line e3634-e39 m2sy-18 m2sy-19 m2sy-1a\"><\/hr><hr class=\"x-line e3634-e40 m2sy-19 m2sy-1b m2sy-1e\"><\/hr><div class=\"x-text x-content e3634-e41 m2sy-1f m2sy-1i m2sy-1j\">Volle Belastbarkeit nach Kreuzbandriss:<br \/>\nNeue Operationsmethode TTA (Tibial Tuberosity Advancement) f\u00fchrt beim Kreuzbandriss zu dauerhafter Stabilit\u00e4t im Knie und erm\u00f6glicht dem Hund langfristige Belastung und Lebensfreude.<\/div><\/div><\/div><\/div><div class=\"x-row x-container max width e3634-e42 m2sy-7 m2sy-8 m2sy-9 m2sy-a m2sy-g m2sy-h m2sy-q m2sy-w\"><div class=\"x-row-inner\"><div class=\"x-col e3634-e43 m2sy-z m2sy-10\"><div class=\"x-text x-content e3634-e44 m2sy-1f m2sy-1g m2sy-1i\"><p>Ein Kreuzbandriss ist eine sehr h\u00e4ufige Erkrankung beim Hund. Immer wenn Ihr Hund nach dem Aufstehen oder Belastung an einem oder beiden Hinterbeinen lahmt, muss an eine Kreuzbanderkrankung gedacht werden. Oft kommen die Symptome schleichend, weil bei vielen Hunden eine leichte, chronische Gelenkentz\u00fcndung vorliegt, die das Kreuzband aufweicht und langsam einrei\u00dfen l\u00e4sst. Rei\u00dft es komplett, sind Hunde pl\u00f6tzlich stark lahm, wollen nicht laufen und haben starke Schmerzen. Grund ist eine Instabilit\u00e4t im Kniegelenk, der sto\u00dfabsorbierende Meniskus wird oft eingeklemmt und gesch\u00e4digt. Schnell entwickeln sich Knorpelsch\u00e4den und Arthrose, an normales Laufen, Spielen, Toben ist nicht mehr zu denken.<\/p>\n\n<p>Kreuzbandrisse sollten immer operiert werden. Ohne Operation wird ein Hund immer Schmerzen haben, starke Arthrose entwickeln und sich nie mehr normal bewegen k\u00f6nnen. Wichtig bei diesen Operationen ist es, die Stabilit\u00e4t im Knie wieder herzustellen und ggf. den Meniskusschaden zu behandeln.<\/p>\n\n<p>Herk\u00f6mmliche Operationstechniken versuchen, durch Kunststoffb\u00e4nder oder Geweberaffung das gerissene Kreuzband zu ersetzen. Meist f\u00fchrt das nur zu vor\u00fcbergehender Stabilit\u00e4t, es kommt aber nachweislich zur  Lockerung dieser Bandersatz-Konstruktionen, so dass das Knie nicht dauerhaft stabil wird.<\/p>\n\n<p>Neue Methoden wie die TTA (Tibial Tuberosity Advancement) und die TPLO (Tibial Plateau Leveling Osteotomy) f\u00fchren durch eine Knochenumstellung zu dauerhafter Stabilit\u00e4t im Knie und erm\u00f6glichen dem Hund langfristig volle Belastung und Lebensfreude.<\/p>\n\n<p>Die TTA hat dabei den Vorteil, dass sie schnell und wenig invasiv durchzuf\u00fchren ist, und \u2013 im Gegensatz zur TPLO \u2013 kein tragender Knochenteil durchtrennt werden muss. Es werden gewebeschonende Titan-Implantate verwendet. Die Hunde belasten schnell und k\u00f6nnen 6-8 Wochen nach der OP in der Regel wieder frei laufen und sportlich bewegt werden. Auch Hunde mit bereits fortgeschrittener Arthrose profitieren von dieser Technik, weil der Druck der Kniescheibe im Kniegelenk verringert wird.<\/p>\n\n<p>Wenn Sie Fragen zur Kreuzbanderkrankung und OP-Methoden haben, sprechen Sie uns an.<\/p><\/div><\/div><div class=\"x-col e3634-e45 m2sy-z m2sy-10\"><span class=\"x-image e3634-e46 m2sy-1k\"><img decoding=\"async\" src=\"https:\/\/www.brandenburg-havelland.de\/tap_goebel_bf\/wp-content\/uploads\/2020\/12\/TTA.jpg\" width=\"832\" height=\"1200\" alt=\"Digitales R\u00f6ntgen\" loading=\"lazy\"><\/span><\/div><\/div><\/div><\/div><div class=\"x-section e3634-e47 m2sy-0 m2sy-4 m2sy-6 bg-aerzte\"><div class=\"x-bg\" aria-hidden=\"true\"><div class=\"x-bg-layer-lower-image\" data-x-element-bg-layer=\"{&quot;parallaxSize&quot;:&quot;200%&quot;,&quot;parallaxDir&quot;:&quot;v&quot;,&quot;parallaxRev&quot;:false}\" style=\" background-image: url(https:\/\/www.brandenburg-havelland.de\/tap_goebel_bf\/wp-content\/uploads\/2020\/12\/op_8.jpg); background-repeat: no-repeat; background-position: center; background-size: cover;\"><\/div><div class=\"x-bg-layer-upper-color\" style=\" background-color: rgba(0, 97, 97, 0.8);\"><\/div><\/div><div class=\"x-row x-container max width e3634-e48 m2sy-7 m2sy-8 m2sy-9 m2sy-a m2sy-c m2sy-m m2sy-x\"><div class=\"x-row-inner\"><div class=\"x-col e3634-e49 m2sy-y m2sy-z m2sy-12\"><a class=\"x-anchor x-anchor-button e3634-e50 m2sy-1l\" tabindex=\"0\" href=\"https:\/\/www.brandenburg-havelland.de\/tap_goebel_bf\/aerzte\/\"><div class=\"x-anchor-content\"><div class=\"x-anchor-text\"><span class=\"x-anchor-text-primary\">Lernen Sie unsere \u00c4rzte kennen<\/span><\/div><\/div><\/a><\/div><\/div><\/div><\/div><\/div>\n","protected":false},"excerpt":{"rendered":"<p>Weichteil&shy;operationen, Endoskopische Eingriffe, Diagnostische EndoskopieNarkoseWir verwenden moderne Narkoseverfahren, die individuell auf Ihr Tier abgestimmt werden. Hund und Katze werden f\u00fcr fast alle operativen Eingriffe intubiert und ggf. auch automatisch beatmet. Alle Vitalfunktionen (Atmung, Atemgase, Herz-Kreislauf-Parameter) werden st\u00e4ndig elektronisch und durch Assistenten \u00fcberwacht um das Narkoserisiko zu minimieren.Auch Kaninchen werden f\u00fcr tiefer Narkosen intubiert und die Vitalfunktionen permanent elektronisch \u00fcberwacht, um &#8230; <\/p>\n<div><a href=\"https:\/\/www.brandenburg-havelland.de\/tap_goebel_bf\/operationen\/\" class=\"more-link\">Read More<\/a><\/div>\n","protected":false},"author":1,"featured_media":0,"parent":0,"menu_order":11,"comment_status":"closed","ping_status":"closed","template":"template-blank-4.php","meta":{"footnotes":""},"class_list":["post-3634","page","type-page","status-publish","hentry","no-post-thumbnail"],"aioseo_notices":[],"_links":{"self":[{"href":"https:\/\/www.brandenburg-havelland.de\/tap_goebel_bf\/wp-json\/wp\/v2\/pages\/3634","targetHints":{"allow":["GET"]}}],"collection":[{"href":"https:\/\/www.brandenburg-havelland.de\/tap_goebel_bf\/wp-json\/wp\/v2\/pages"}],"about":[{"href":"https:\/\/www.brandenburg-havelland.de\/tap_goebel_bf\/wp-json\/wp\/v2\/types\/page"}],"author":[{"embeddable":true,"href":"https:\/\/www.brandenburg-havelland.de\/tap_goebel_bf\/wp-json\/wp\/v2\/users\/1"}],"replies":[{"embeddable":true,"href":"https:\/\/www.brandenburg-havelland.de\/tap_goebel_bf\/wp-json\/wp\/v2\/comments?post=3634"}],"version-history":[{"count":10,"href":"https:\/\/www.brandenburg-havelland.de\/tap_goebel_bf\/wp-json\/wp\/v2\/pages\/3634\/revisions"}],"predecessor-version":[{"id":4121,"href":"https:\/\/www.brandenburg-havelland.de\/tap_goebel_bf\/wp-json\/wp\/v2\/pages\/3634\/revisions\/4121"}],"wp:attachment":[{"href":"https:\/\/www.brandenburg-havelland.de\/tap_goebel_bf\/wp-json\/wp\/v2\/media?parent=3634"}],"curies":[{"name":"wp","href":"https:\/\/api.w.org\/{rel}","templated":true}]}}