{"id":3527,"date":"2020-12-10T20:26:52","date_gmt":"2020-12-10T19:26:52","guid":{"rendered":"https:\/\/www.brandenburg-havelland.de\/tap_goebel_bf\/?page_id=3527"},"modified":"2025-05-12T22:23:44","modified_gmt":"2025-05-12T20:23:44","slug":"aerzte","status":"publish","type":"page","link":"https:\/\/www.brandenburg-havelland.de\/tap_goebel_bf\/aerzte\/","title":{"rendered":"\u00c4rzte"},"content":{"rendered":"<div id=\"cs-content\" class=\"cs-content\"><div class=\"x-section e3527-e1 m2pz-0 m2pz-1 m2pz-2\"><div class=\"x-bg\" aria-hidden=\"true\"><div class=\"x-bg-layer-lower-image\" style=\" background-image: url(https:\/\/www.brandenburg-havelland.de\/tap_goebel_bf\/wp-content\/uploads\/2020\/12\/op_7.jpg); background-repeat: no-repeat; background-position: 0 20%; background-size: 230%;\"><\/div><div class=\"x-bg-layer-upper-color\" style=\" background-color: rgba(0, 97, 97, .8);\"><\/div><\/div><div class=\"x-row x-container max width e3527-e2 m2pz-5 m2pz-6 m2pz-7 m2pz-b\"><div class=\"x-row-inner\"><div class=\"x-col e3527-e3 m2pz-q m2pz-r m2pz-s\"><div class=\"x-text x-text-headline e3527-e4 m2pz-u m2pz-v\"><div class=\"x-text-content\"><div class=\"x-text-content-text\"><h1 class=\"x-text-content-text-primary\">Wir sind f\u00fcr Sie und Ihr Tier da.<\/h1><\/div><\/div><\/div><\/div><\/div><\/div><\/div><div class=\"x-section e3527-e5 m2pz-0 m2pz-3 m2pz-4\"><div class=\"x-row x-container max width e3527-e6 m2pz-5 m2pz-8 m2pz-9 m2pz-c m2pz-d\"><div class=\"x-row-inner\"><div class=\"x-col e3527-e7 m2pz-r m2pz-t\"><div class=\"x-text x-text-headline e3527-e8 m2pz-v m2pz-w\"><div class=\"x-text-content\"><div class=\"x-text-content-text\"><h2 class=\"x-text-content-text-primary\">PD Dr. med. vet. Thomas G\u00f6bel<\/h2><\/div><\/div><\/div><hr class=\"x-line e3527-e9 m2pz-x\"><\/hr><\/div><\/div><\/div><div class=\"x-row x-container max width e3527-e10 m2pz-5 m2pz-6 m2pz-9 m2pz-a m2pz-e m2pz-f\"><div class=\"x-row-inner\"><div class=\"x-col e3527-e11 m2pz-r m2pz-s\"><span class=\"x-image e3527-e12 m2pz-y\"><img decoding=\"async\" src=\"https:\/\/www.brandenburg-havelland.de\/tap_goebel_bf\/wp-content\/uploads\/2020\/12\/thomas-goebel.jpg\" width=\"800\" height=\"800\" alt=\"PD Dr. Thomas G\u00f6bel\" loading=\"lazy\"><\/span><\/div><div class=\"x-col e3527-e13 m2pz-r m2pz-s\"><div class=\"x-tabs e3527-e14 m2pz-z\" data-x-element-tabs=\"\"><div class=\"x-tabs-list\"><ul role=\"tablist\"><li role=\"presentation\"><button id=\"tab-e3527-e15\" class=\"e3527-e15 x-active\" role=\"tab\" aria-selected=\"true\" aria-controls=\"panel-e3527-e15\" data-x-toggle=\"tab\" data-x-toggleable=\"tab-item-e3527-e15\" data-x-toggle-group=\"tab-group-e3527-e14\"><span>Beruf<\/span><\/button><\/li><li role=\"presentation\"><button id=\"tab-e3527-e16\" class=\"e3527-e16\" role=\"tab\" aria-selected=\"false\" aria-controls=\"panel-e3527-e16\" data-x-toggle=\"tab\" data-x-toggleable=\"tab-item-e3527-e16\" data-x-toggle-group=\"tab-group-e3527-e14\"><span>Weiterbildung \/ Publikationen<\/span><\/button><\/li><li role=\"presentation\"><button id=\"tab-e3527-e17\" class=\"e3527-e17\" role=\"tab\" aria-selected=\"false\" aria-controls=\"panel-e3527-e17\" data-x-toggle=\"tab\" data-x-toggleable=\"tab-item-e3527-e17\" data-x-toggle-group=\"tab-group-e3527-e14\"><span>Mitgliedschaften<\/span><\/button><\/li><li role=\"presentation\"><button id=\"tab-e3527-e18\" class=\"e3527-e18\" role=\"tab\" aria-selected=\"false\" aria-controls=\"panel-e3527-e18\" data-x-toggle=\"tab\" data-x-toggleable=\"tab-item-e3527-e18\" data-x-toggle-group=\"tab-group-e3527-e14\"><span>Schwerpunkte<\/span><\/button><\/li><\/ul><\/div><div class=\"x-tabs-panels\"><div id=\"panel-e3527-e15\" class=\"x-tabs-panel e3527-e15 x-active\" role=\"tabpanel\" aria-labelledby=\"tab-e3527-e15\" aria-hidden=\"false\" data-x-toggleable=\"tab-item-e3527-e15\"><p><strong>1981 \u2013 1987<\/strong> Studium der <a href=\"https:\/\/www.uni-giessen.de\/fbz\/fb10\/pruefungsamt\/studum\" target=\"_blank\" rel=\"noopener\">Veterin\u00e4rmedizin an der Justus-Liebig Universit\u00e4t Giessen<\/a><\/p>\n<p><strong>1989<\/strong> Promotion<\/p>\n<p><strong>1988 \u2013 1991<\/strong> wissenschaftlicher Mitarbeiter am Institut f\u00fcr Gefl\u00fcgelkrankheiten des Fachbereiches Veterin\u00e4rmedizin der Justus-Liebig-Universit\u00e4t Giessen<\/p>\n<p><strong>1991 \u2013 2001<\/strong> wissenschaftlicher Hochschulassistent C1 an der <a href=\"https:\/\/www.vetmed.fu-berlin.de\/einrichtungen\/kliniken\/we20\/\" target=\"_blank\" rel=\"noopener\">Kleintierklinik des Fachbereiches Veterin\u00e4rmedizin der Freien Universit\u00e4t Berlin<\/a>, Leiter der Abteilung f\u00fcr Heimtiere und exotische Tiere<\/p>\n<p><strong>2001 \u2013 2002<\/strong> Professor f\u00fcr <a href=\"https:\/\/smallanimal.vethospital.ufl.edu\/clinical-services\/zoological-medicine\/\" target=\"_blank\" rel=\"noopener\">Exotic Animal Medicine an der Kleintierklinik der University of Florida\/USA<\/a><\/p>\n<p><strong>2002<\/strong> Habilitation<\/p>\n\n<ul>\n \t<li>Fachtierarzt f\u00fcr Kleintiere<\/li>\n \t<li>Fachtierarzt f\u00fcr Gefl\u00fcgelkrankheiten (Zierv\u00f6gel)<\/li>\n \t<li>Zusatzanerkennung Reptilien und Artenschutz<\/li>\n \t<li>Lehrbefugnis f\u00fcr Heimtierkrankheiten am Fachbereich<\/li>\n \t<li>Veterin\u00e4rmedizin der Freien Universit\u00e4t Berlin<\/li>\n \t<li>Lehrauftrag f\u00fcr Heimtierkrankheiten am Fachbereich<\/li>\n \t<li>Veterin\u00e4rmedizin der Justus-Liebig-Universit\u00e4t Gie\u00dfen<\/li>\n<\/ul><\/div><div id=\"panel-e3527-e16\" class=\"x-tabs-panel e3527-e16\" role=\"tabpanel\" aria-labelledby=\"tab-e3527-e16\" aria-hidden=\"true\" data-x-toggleable=\"tab-item-e3527-e16\"><ul>\n \t<li>Autor des Fachbuches \u201cHeimtierkrankheiten\u201d im <a href=\"https:\/\/www.ulmer-verlag.de\/\" target=\"_blank\" rel=\"noopener\">Ulmer Verlag<\/a><\/li>\n \t<li>Autor zahlreicher Fachartikel und Fachvortr\u00e4ge<\/li>\n<\/ul><\/div><div id=\"panel-e3527-e17\" class=\"x-tabs-panel e3527-e17\" role=\"tabpanel\" aria-labelledby=\"tab-e3527-e17\" aria-hidden=\"true\" data-x-toggleable=\"tab-item-e3527-e17\"><ul>\n \t<li>Vorsitzender der Fachgruppe Heimtiere der <a href=\"https:\/\/www.dvg.net\" target=\"_blank\" rel=\"noopener\">DVG (Deutsche Veterin\u00e4rmedizinische Gesellschaft)<\/a><\/li>\n \t<li>Mitglied im <a href=\"https:\/\/www.tieraerzteverband.de\/bpt\/\" target=\"_blank\" rel=\"noopener\">BPT (Bund praktischer Tier\u00e4rzte)<\/a><\/li>\n \t<li>Mitglied des wissenschaftlichen Beirats der Zeitschrift \u201eKleintierpraxis\u201c und der Zeitschrift \u201eTier\u00e4rztliche Praxis\u201c<\/li>\n \t<li>Gr\u00fcndungsmitglied des Fachgremiums der Initiative tiermedizinische Schmerztherapie ITIS.<\/li>\n<\/ul><\/div><div id=\"panel-e3527-e18\" class=\"x-tabs-panel e3527-e18\" role=\"tabpanel\" aria-labelledby=\"tab-e3527-e18\" aria-hidden=\"true\" data-x-toggleable=\"tab-item-e3527-e18\"><ul>\n \t<li><a href=\"https:\/\/www.brandenburg-havelland.de\/tap_goebel_bf\/leistungen\/\" target=\"_blank\" rel=\"noopener\">Heimtierkrankheiten<\/a><\/li>\n \t<li><a href=\"https:\/\/www.brandenburg-havelland.de\/tap_goebel_bf\/tierarten\/\" target=\"_blank\" rel=\"noopener\">Vogel- und Reptilienkrankheiten<\/a><\/li>\n \t<li>Innere Medizin<\/li>\n \t<li>Chirurgie und Endoskopie<\/li>\n<\/ul><\/div><\/div><\/div><\/div><\/div><\/div><\/div><div class=\"x-section e3527-e19 m2pz-0 m2pz-3 m2pz-4\"><div class=\"x-row x-container max width e3527-e20 m2pz-5 m2pz-8 m2pz-9 m2pz-c m2pz-g\"><div class=\"x-row-inner\"><div class=\"x-col e3527-e21 m2pz-r m2pz-t\"><div class=\"x-text x-text-headline e3527-e22 m2pz-v m2pz-w\"><div class=\"x-text-content\"><div class=\"x-text-content-text\"><h2 class=\"x-text-content-text-primary\">Dr. med. vet. Julia Bl\u00fcmke<\/h2><\/div><\/div><\/div><hr class=\"x-line e3527-e23 m2pz-x\"><\/hr><\/div><\/div><\/div><div class=\"x-row x-container max width e3527-e24 m2pz-5 m2pz-6 m2pz-9 m2pz-a m2pz-e m2pz-h\"><div class=\"x-row-inner\"><div class=\"x-col e3527-e25 m2pz-r m2pz-s\"><span class=\"x-image e3527-e26 m2pz-y\"><img decoding=\"async\" src=\"https:\/\/www.brandenburg-havelland.de\/tap_goebel_bf\/wp-content\/uploads\/2020\/12\/julia-bluemke.jpg\" width=\"800\" height=\"800\" alt=\"Tier\u00e4rztin bei Dr. G\u00f6bel\" loading=\"lazy\"><\/span><\/div><div class=\"x-col e3527-e27 m2pz-r m2pz-s\"><div class=\"x-tabs e3527-e28 m2pz-z\" data-x-element-tabs=\"\"><div class=\"x-tabs-list\"><ul role=\"tablist\"><li role=\"presentation\"><button id=\"tab-e3527-e29\" class=\"e3527-e29 x-active\" role=\"tab\" aria-selected=\"true\" aria-controls=\"panel-e3527-e29\" data-x-toggle=\"tab\" data-x-toggleable=\"tab-item-e3527-e29\" data-x-toggle-group=\"tab-group-e3527-e28\"><span>Beruf<\/span><\/button><\/li><li role=\"presentation\"><button id=\"tab-e3527-e30\" class=\"e3527-e30\" role=\"tab\" aria-selected=\"false\" aria-controls=\"panel-e3527-e30\" data-x-toggle=\"tab\" data-x-toggleable=\"tab-item-e3527-e30\" data-x-toggle-group=\"tab-group-e3527-e28\"><span>Weiterbildung<\/span><\/button><\/li><li role=\"presentation\"><button id=\"tab-e3527-e31\" class=\"e3527-e31\" role=\"tab\" aria-selected=\"false\" aria-controls=\"panel-e3527-e31\" data-x-toggle=\"tab\" data-x-toggleable=\"tab-item-e3527-e31\" data-x-toggle-group=\"tab-group-e3527-e28\"><span>Schwerpunkte<\/span><\/button><\/li><\/ul><\/div><div class=\"x-tabs-panels\"><div id=\"panel-e3527-e29\" class=\"x-tabs-panel e3527-e29 x-active\" role=\"tabpanel\" aria-labelledby=\"tab-e3527-e29\" aria-hidden=\"false\" data-x-toggleable=\"tab-item-e3527-e29\"><p><strong>2005 \u2013 2011<\/strong> Studium der Veterin\u00e4rmedizin an der Freien Universit\u00e4t Berlin<\/p>\n\n<p><strong>2011<\/strong> Promotion zum Thema \u201eWildnager in Berlin als Zwischenwirt von Hunde- und Katzenparasiten\u201c  an der FU Berlin<\/p>\n\n<p><strong>Seit 2011<\/strong> Tier\u00e4rztin in der  Tierarztpraxis PD Dr. med. vet. G\u00f6bel<\/p><\/div><div id=\"panel-e3527-e30\" class=\"x-tabs-panel e3527-e30\" role=\"tabpanel\" aria-labelledby=\"tab-e3527-e30\" aria-hidden=\"true\" data-x-toggleable=\"tab-item-e3527-e30\"><strong>2010 \u2013 2011<\/strong> Studentische Hilfskraft in der Tierarztpraxis PD Dr. med. vet. Thomas G\u00f6bel<\/div><div id=\"panel-e3527-e31\" class=\"x-tabs-panel e3527-e31\" role=\"tabpanel\" aria-labelledby=\"tab-e3527-e31\" aria-hidden=\"true\" data-x-toggleable=\"tab-item-e3527-e31\"><ul>\n<li>Heimtierkrankheiten<\/li>\n<\/ul><\/div><\/div><\/div><\/div><\/div><\/div><\/div><div class=\"x-section e3527-e32 m2pz-0 m2pz-3 m2pz-4\"><div class=\"x-row x-container max width e3527-e33 m2pz-5 m2pz-8 m2pz-9 m2pz-c m2pz-i\"><div class=\"x-row-inner\"><div class=\"x-col e3527-e34 m2pz-r m2pz-t\"><div class=\"x-text x-text-headline e3527-e35 m2pz-v m2pz-w\"><div class=\"x-text-content\"><div class=\"x-text-content-text\"><h2 class=\"x-text-content-text-primary\">Dr. med. vet. Karen Rohrmann<\/h2><\/div><\/div><\/div><hr class=\"x-line e3527-e36 m2pz-x\"><\/hr><\/div><\/div><\/div><div class=\"x-row x-container max width e3527-e37 m2pz-5 m2pz-6 m2pz-9 m2pz-a m2pz-e m2pz-j\"><div class=\"x-row-inner\"><div class=\"x-col e3527-e38 m2pz-r m2pz-s\"><span class=\"x-image e3527-e39 m2pz-y\"><img decoding=\"async\" src=\"https:\/\/www.brandenburg-havelland.de\/tap_goebel_bf\/wp-content\/uploads\/2020\/12\/karen-rohrmann.jpg\" width=\"800\" height=\"800\" alt=\"Dr. med. vet. Karen Rohrmann\" loading=\"lazy\"><\/span><\/div><div class=\"x-col e3527-e40 m2pz-r m2pz-s\"><div class=\"x-tabs e3527-e41 m2pz-z\" data-x-element-tabs=\"\"><div class=\"x-tabs-list\"><ul role=\"tablist\"><li role=\"presentation\"><button id=\"tab-e3527-e42\" class=\"e3527-e42 x-active\" role=\"tab\" aria-selected=\"true\" aria-controls=\"panel-e3527-e42\" data-x-toggle=\"tab\" data-x-toggleable=\"tab-item-e3527-e42\" data-x-toggle-group=\"tab-group-e3527-e41\"><span>Beruf<\/span><\/button><\/li><li role=\"presentation\"><button id=\"tab-e3527-e43\" class=\"e3527-e43\" role=\"tab\" aria-selected=\"false\" aria-controls=\"panel-e3527-e43\" data-x-toggle=\"tab\" data-x-toggleable=\"tab-item-e3527-e43\" data-x-toggle-group=\"tab-group-e3527-e41\"><span>Mitgliedschaften<\/span><\/button><\/li><li role=\"presentation\"><button id=\"tab-e3527-e44\" class=\"e3527-e44\" role=\"tab\" aria-selected=\"false\" aria-controls=\"panel-e3527-e44\" data-x-toggle=\"tab\" data-x-toggleable=\"tab-item-e3527-e44\" data-x-toggle-group=\"tab-group-e3527-e41\"><span>Schwerpunkte<\/span><\/button><\/li><\/ul><\/div><div class=\"x-tabs-panels\"><div id=\"panel-e3527-e42\" class=\"x-tabs-panel e3527-e42 x-active\" role=\"tabpanel\" aria-labelledby=\"tab-e3527-e42\" aria-hidden=\"false\" data-x-toggleable=\"tab-item-e3527-e42\"><p><strong>2002 \u2013 2008<\/strong> Studium der Veterin\u00e4rmedizin an der Freien Universit\u00e4t (FU) Berlin<\/p>\n<p><strong>2008 \u2013 2010<\/strong> Promotion am <a href=\"https:\/\/www.vetmed.fu-berlin.de\/einrichtungen\/institute\/we13\/index.html\" target=\"_blank\" rel=\"noopener\">Institut f\u00fcr Parasitologie an der FU Berlin<\/a><\/p>\n<p><strong>2008 \u2013 2010<\/strong> Mitarbeit in der Praxis \u201eAn der Rostocker Heide\u201c, Rostock<\/p>\n<p><strong>seit 2010<\/strong> Tier\u00e4rztin in der Kleintierpraxis PD Dr. med. vet. Thomas G\u00f6bel<\/p><\/div><div id=\"panel-e3527-e43\" class=\"x-tabs-panel e3527-e43\" role=\"tabpanel\" aria-labelledby=\"tab-e3527-e43\" aria-hidden=\"true\" data-x-toggleable=\"tab-item-e3527-e43\"><ul>\n \t<li><a href=\"https:\/\/www.tieraerztekammer-berlin.de\/\" target=\"_blank\" rel=\"noopener\">Berliner Tier\u00e4rztekammer<\/a><\/li>\n \t<li>Berliner Tier\u00e4rztliche Gesellschaft<\/li>\n<\/ul><\/div><div id=\"panel-e3527-e44\" class=\"x-tabs-panel e3527-e44\" role=\"tabpanel\" aria-labelledby=\"tab-e3527-e44\" aria-hidden=\"true\" data-x-toggleable=\"tab-item-e3527-e44\"><ul>\n<li>Innere Medizin der Klein- und Heimtiere<\/li>\n<\/ul><\/div><\/div><\/div><\/div><\/div><\/div><\/div><div class=\"x-section e3527-e45 m2pz-0 m2pz-3 m2pz-4\"><div class=\"x-row x-container max width e3527-e46 m2pz-5 m2pz-8 m2pz-9 m2pz-c m2pz-k\"><div class=\"x-row-inner\"><div class=\"x-col e3527-e47 m2pz-r m2pz-t\"><div class=\"x-text x-text-headline e3527-e48 m2pz-v m2pz-w\"><div class=\"x-text-content\"><div class=\"x-text-content-text\"><h2 class=\"x-text-content-text-primary\">Tierarzt Michael Weber<\/h2><\/div><\/div><\/div><hr class=\"x-line e3527-e49 m2pz-x\"><\/hr><\/div><\/div><\/div><div class=\"x-row x-container max width e3527-e50 m2pz-5 m2pz-6 m2pz-9 m2pz-a m2pz-e m2pz-l\"><div class=\"x-row-inner\"><div class=\"x-col e3527-e51 m2pz-r m2pz-s\"><span class=\"x-image e3527-e52 m2pz-y\"><img decoding=\"async\" src=\"https:\/\/www.brandenburg-havelland.de\/tap_goebel_bf\/wp-content\/uploads\/2020\/12\/michael-weber.jpg\" width=\"660\" height=\"660\" alt=\"Tierarzt Praxis Dr. G\u00f6bel\" loading=\"lazy\"><\/span><\/div><div class=\"x-col e3527-e53 m2pz-r m2pz-s\"><div class=\"x-tabs e3527-e54 m2pz-z\" data-x-element-tabs=\"\"><div class=\"x-tabs-list\"><ul role=\"tablist\"><li role=\"presentation\"><button id=\"tab-e3527-e55\" class=\"e3527-e55 x-active\" role=\"tab\" aria-selected=\"true\" aria-controls=\"panel-e3527-e55\" data-x-toggle=\"tab\" data-x-toggleable=\"tab-item-e3527-e55\" data-x-toggle-group=\"tab-group-e3527-e54\"><span>Beruf<\/span><\/button><\/li><li role=\"presentation\"><button id=\"tab-e3527-e56\" class=\"e3527-e56\" role=\"tab\" aria-selected=\"false\" aria-controls=\"panel-e3527-e56\" data-x-toggle=\"tab\" data-x-toggleable=\"tab-item-e3527-e56\" data-x-toggle-group=\"tab-group-e3527-e54\"><span>Schwerpunkte<\/span><\/button><\/li><\/ul><\/div><div class=\"x-tabs-panels\"><div id=\"panel-e3527-e55\" class=\"x-tabs-panel e3527-e55 x-active\" role=\"tabpanel\" aria-labelledby=\"tab-e3527-e55\" aria-hidden=\"false\" data-x-toggleable=\"tab-item-e3527-e55\"><p><strong>2013<\/strong> Beginn Sudium der Veterin\u00e4rmedizin an der Freien Universit\u00e4t (FU) Berlin<\/p>\n<p><strong>2016<\/strong> Auslandspraktikum bei Soi Dog in Phuket, Thailand<\/p>\n<p><strong>2016 \u2013 2018<\/strong> Studentischer Mitarbeiter am <a href=\"https:\/\/www.vetmed.fu-berlin.de\/einrichtungen\/institute\/we12\/index.html\" target=\"_blank\" rel=\"noopener\">Institut f\u00fcr Tierpathologie an der Freien Universit\u00e4t (FU) Berlin<\/a><\/p>\n<p><strong>2018 \u2013 2019<\/strong> Studentischer Mitarbeiter in der Kleintierpraxis PD Dr. med. vet. Thomas G\u00f6bel<\/p>\n<p><strong>2019<\/strong> Staatsexamen Veterin\u00e4rmedizin<\/p>\n<p><strong>seit 2019<\/strong> Tierarzt in der Kleintierpraxis PD Dr. med. vet. Thomas G\u00f6bel<\/p><\/div><div id=\"panel-e3527-e56\" class=\"x-tabs-panel e3527-e56\" role=\"tabpanel\" aria-labelledby=\"tab-e3527-e56\" aria-hidden=\"true\" data-x-toggleable=\"tab-item-e3527-e56\"><ul>\n<li>Innere Medizin der Klein- und Heimtiere<\/li>\n<\/ul><\/div><\/div><\/div><\/div><\/div><\/div><\/div><div class=\"x-section e3527-e57 m2pz-0 m2pz-2 m2pz-3\"><div class=\"x-row x-container max width e3527-e58 m2pz-5 m2pz-8 m2pz-9 m2pz-c m2pz-m\"><div class=\"x-row-inner\"><div class=\"x-col e3527-e59 m2pz-r m2pz-t\"><div class=\"x-text x-text-headline e3527-e60 m2pz-v m2pz-w\"><div class=\"x-text-content\"><div class=\"x-text-content-text\"><h2 class=\"x-text-content-text-primary\">Tier\u00e4rztin Laura Nauerz<\/h2><\/div><\/div><\/div><hr class=\"x-line e3527-e61 m2pz-x\"><\/hr><\/div><\/div><\/div><div class=\"x-row x-container max width e3527-e62 m2pz-5 m2pz-6 m2pz-9 m2pz-a m2pz-e m2pz-n\"><div class=\"x-row-inner\"><div class=\"x-col e3527-e63 m2pz-r m2pz-s\"><span class=\"x-image e3527-e64 m2pz-y\"><img decoding=\"async\" src=\"https:\/\/www.brandenburg-havelland.de\/tap_goebel_bf\/wp-content\/uploads\/2020\/12\/laura-nauerz.jpg\" width=\"615\" height=\"615\" alt=\"Tier\u00e4rztin in Dr. G\u00f6bel Praxis\" loading=\"lazy\"><\/span><\/div><div class=\"x-col e3527-e65 m2pz-r m2pz-s\"><div class=\"x-tabs e3527-e66 m2pz-z\" data-x-element-tabs=\"\"><div class=\"x-tabs-list\"><ul role=\"tablist\"><li role=\"presentation\"><button id=\"tab-e3527-e67\" class=\"e3527-e67 x-active\" role=\"tab\" aria-selected=\"true\" aria-controls=\"panel-e3527-e67\" data-x-toggle=\"tab\" data-x-toggleable=\"tab-item-e3527-e67\" data-x-toggle-group=\"tab-group-e3527-e66\"><span>Beruf<\/span><\/button><\/li><li role=\"presentation\"><button id=\"tab-e3527-e68\" class=\"e3527-e68\" role=\"tab\" aria-selected=\"false\" aria-controls=\"panel-e3527-e68\" data-x-toggle=\"tab\" data-x-toggleable=\"tab-item-e3527-e68\" data-x-toggle-group=\"tab-group-e3527-e66\"><span>Mitgliedschaften<\/span><\/button><\/li><li role=\"presentation\"><button id=\"tab-e3527-e69\" class=\"e3527-e69\" role=\"tab\" aria-selected=\"false\" aria-controls=\"panel-e3527-e69\" data-x-toggle=\"tab\" data-x-toggleable=\"tab-item-e3527-e69\" data-x-toggle-group=\"tab-group-e3527-e66\"><span>Schwerpunkte<\/span><\/button><\/li><\/ul><\/div><div class=\"x-tabs-panels\"><div id=\"panel-e3527-e67\" class=\"x-tabs-panel e3527-e67 x-active\" role=\"tabpanel\" aria-labelledby=\"tab-e3527-e67\" aria-hidden=\"false\" data-x-toggleable=\"tab-item-e3527-e67\"><p><strong>2011 \u2013 2017<\/strong> Studium der <a href=\"https:\/\/www.vetmed.fu-berlin.de\/\">Veterin\u00e4rmedizin an der Freien Universit\u00e4t (FU) Berlin<\/a><\/p>\n<p><strong>2013 \u2013 2017 <\/strong>Studentische Hilfskraft in der <a href=\"https:\/\/www.vetmed.fu-berlin.de\/einrichtungen\/kliniken\/we20\/\">Kleintierklinik der Freien Universit\u00e4t (FU) Berlin<\/a><\/p>\n<p><strong>seit 2018<\/strong> Tier\u00e4rztin in der Kleintierpraxis PD Dr. med. vet. Thomas G\u00f6bel<\/p><\/div><div id=\"panel-e3527-e68\" class=\"x-tabs-panel e3527-e68\" role=\"tabpanel\" aria-labelledby=\"tab-e3527-e68\" aria-hidden=\"true\" data-x-toggleable=\"tab-item-e3527-e68\"><ul>\n \t<li><a href=\"https:\/\/www.tieraerztekammer-berlin.de\/\" target=\"_blank\" rel=\"noopener\">Berliner Tier\u00e4rztekammer<\/a><\/li>\n<\/ul><\/div><div id=\"panel-e3527-e69\" class=\"x-tabs-panel e3527-e69\" role=\"tabpanel\" aria-labelledby=\"tab-e3527-e69\" aria-hidden=\"true\" data-x-toggleable=\"tab-item-e3527-e69\"><ul>\n<li>Tierverhaltenstherapie<\/li>\n<\/ul><\/div><\/div><\/div><\/div><\/div><\/div><\/div><div class=\"x-section e3527-e70 m2pz-0 m2pz-2 m2pz-3\"><div class=\"x-row x-container max width e3527-e71 m2pz-5 m2pz-8 m2pz-9 m2pz-c m2pz-o\"><div class=\"x-row-inner\"><div class=\"x-col e3527-e72 m2pz-r m2pz-t\"><div class=\"x-text x-text-headline e3527-e73 m2pz-v m2pz-w\"><div class=\"x-text-content\"><div class=\"x-text-content-text\"><h2 class=\"x-text-content-text-primary\">Tier&auml;rztin Kajsa Eliasson<\/h2><\/div><\/div><\/div><hr class=\"x-line e3527-e74 m2pz-x\"><\/hr><\/div><\/div><\/div><div class=\"x-row x-container max width e3527-e75 m2pz-5 m2pz-6 m2pz-9 m2pz-a m2pz-e m2pz-p\"><div class=\"x-row-inner\"><div class=\"x-col e3527-e76 m2pz-r m2pz-s\"><span class=\"x-image e3527-e77 m2pz-y\"><img decoding=\"async\" src=\"https:\/\/www.brandenburg-havelland.de\/tap_goebel_bf\/wp-content\/uploads\/2022\/03\/Kajsa.jpg\" width=\"800\" height=\"800\" alt=\"Tier\u00e4rztin Kajsa Eliasson\" loading=\"lazy\"><\/span><\/div><div class=\"x-col e3527-e78 m2pz-r m2pz-s\"><div class=\"x-tabs e3527-e79 m2pz-z\" data-x-element-tabs=\"\"><div class=\"x-tabs-list\"><ul role=\"tablist\"><li role=\"presentation\"><button id=\"tab-e3527-e80\" class=\"e3527-e80 x-active\" role=\"tab\" aria-selected=\"true\" aria-controls=\"panel-e3527-e80\" data-x-toggle=\"tab\" data-x-toggleable=\"tab-item-e3527-e80\" data-x-toggle-group=\"tab-group-e3527-e79\"><span>Beruf<\/span><\/button><\/li><li role=\"presentation\"><button id=\"tab-e3527-e81\" class=\"e3527-e81\" role=\"tab\" aria-selected=\"false\" aria-controls=\"panel-e3527-e81\" data-x-toggle=\"tab\" data-x-toggleable=\"tab-item-e3527-e81\" data-x-toggle-group=\"tab-group-e3527-e79\"><span>Mitgliedschaften<\/span><\/button><\/li><li role=\"presentation\"><button id=\"tab-e3527-e82\" class=\"e3527-e82\" role=\"tab\" aria-selected=\"false\" aria-controls=\"panel-e3527-e82\" data-x-toggle=\"tab\" data-x-toggleable=\"tab-item-e3527-e82\" data-x-toggle-group=\"tab-group-e3527-e79\"><span>Schwerpunkte<\/span><\/button><\/li><\/ul><\/div><div class=\"x-tabs-panels\"><div id=\"panel-e3527-e80\" class=\"x-tabs-panel e3527-e80 x-active\" role=\"tabpanel\" aria-labelledby=\"tab-e3527-e80\" aria-hidden=\"false\" data-x-toggleable=\"tab-item-e3527-e80\"><p><strong>2013 \u2013 2019<\/strong> Studium der Veterin\u00e4rmedizin an der <a href=\"https:\/\/www.vetmed.fu-berlin.de\/\">Freien Universit\u00e4t (FU) Berlin<\/a><\/p>\n<p><strong>2019 \u2013 2022 <\/strong>Tier\u00e4rztin im Tiergesundheitszentrum Teltow<\/p>\n<p><strong>seit 2022<\/strong> Tier\u00e4rztin in der Kleintierpraxis PD Dr. med. vet. Thomas G\u00f6bel<\/p><\/div><div id=\"panel-e3527-e81\" class=\"x-tabs-panel e3527-e81\" role=\"tabpanel\" aria-labelledby=\"tab-e3527-e81\" aria-hidden=\"true\" data-x-toggleable=\"tab-item-e3527-e81\"><ul>\n \t<li><a href=\"https:\/\/www.tieraerztekammer-berlin.de\/\" target=\"_blank\" rel=\"noopener\">Berliner Tier\u00e4rztekammer<\/a><\/li>\n<\/ul><\/div><div id=\"panel-e3527-e82\" class=\"x-tabs-panel e3527-e82\" role=\"tabpanel\" aria-labelledby=\"tab-e3527-e82\" aria-hidden=\"true\" data-x-toggleable=\"tab-item-e3527-e82\"><ul>\n<li>Innere Medizin und Weichteilchirurgie der Klein- und Heimtiere<\/li>\n<\/ul><\/div><\/div><\/div><\/div><\/div><\/div><\/div><\/div>\n","protected":false},"excerpt":{"rendered":"<p>Wir sind f\u00fcr Sie und Ihr Tier da.PD Dr. med. vet. Thomas G\u00f6belBerufWeiterbildung \/ PublikationenMitgliedschaftenSchwerpunkte1981 \u2013 1987 Studium der Veterin\u00e4rmedizin an der Justus-Liebig Universit\u00e4t Giessen 1989 Promotion 1988 \u2013 1991 wissenschaftlicher Mitarbeiter am Institut f\u00fcr Gefl\u00fcgelkrankheiten des Fachbereiches Veterin\u00e4rmedizin der Justus-Liebig-Universit\u00e4t Giessen 1991 \u2013 2001 wissenschaftlicher Hochschulassistent C1 an der Kleintierklinik des Fachbereiches Veterin\u00e4rmedizin der Freien Universit\u00e4t Berlin, Leiter der &#8230; <\/p>\n<div><a href=\"https:\/\/www.brandenburg-havelland.de\/tap_goebel_bf\/aerzte\/\" class=\"more-link\">Read More<\/a><\/div>\n","protected":false},"author":1,"featured_media":0,"parent":0,"menu_order":3,"comment_status":"closed","ping_status":"closed","template":"template-blank-4.php","meta":{"footnotes":""},"class_list":["post-3527","page","type-page","status-publish","hentry","no-post-thumbnail"],"aioseo_notices":[],"_links":{"self":[{"href":"https:\/\/www.brandenburg-havelland.de\/tap_goebel_bf\/wp-json\/wp\/v2\/pages\/3527","targetHints":{"allow":["GET"]}}],"collection":[{"href":"https:\/\/www.brandenburg-havelland.de\/tap_goebel_bf\/wp-json\/wp\/v2\/pages"}],"about":[{"href":"https:\/\/www.brandenburg-havelland.de\/tap_goebel_bf\/wp-json\/wp\/v2\/types\/page"}],"author":[{"embeddable":true,"href":"https:\/\/www.brandenburg-havelland.de\/tap_goebel_bf\/wp-json\/wp\/v2\/users\/1"}],"replies":[{"embeddable":true,"href":"https:\/\/www.brandenburg-havelland.de\/tap_goebel_bf\/wp-json\/wp\/v2\/comments?post=3527"}],"version-history":[{"count":7,"href":"https:\/\/www.brandenburg-havelland.de\/tap_goebel_bf\/wp-json\/wp\/v2\/pages\/3527\/revisions"}],"predecessor-version":[{"id":4079,"href":"https:\/\/www.brandenburg-havelland.de\/tap_goebel_bf\/wp-json\/wp\/v2\/pages\/3527\/revisions\/4079"}],"wp:attachment":[{"href":"https:\/\/www.brandenburg-havelland.de\/tap_goebel_bf\/wp-json\/wp\/v2\/media?parent=3527"}],"curies":[{"name":"wp","href":"https:\/\/api.w.org\/{rel}","templated":true}]}}